What is the highest common factor of m and 4?
2
Suppose -980 = -44*a + 30*a. What is the greatest common divisor of 112 and a?
14
Let p = -672 - -690. Calculate the greatest common divisor of p and 45.
9
Let g(s) = -3*s**3 - 3*s**2 - 7*s + 1. Let t(m) = -m**3 - m + 1. Let r(o) = -g(o) + 4*t(o). Let c be r(3). What is the greatest common divisor of c and 12?
12
Suppose 0 = -6*z - 2*z + 824. What is the greatest common divisor of z and 1751?
103
Suppose 32*w - 3450 = 22*w. Calculate the greatest common divisor of w and 69.
69
Let j be (-19 - -49)*(-2)/15*-147. Calculate the highest common factor of j and 24.
12
Let b be -1 + -2 - -24 - 6. Calculate the greatest common divisor of b and 100.
5
Let c = 88 - 85. Let l be 1 + 1 + -1 + -5. Let v(z) = z**3 + 3*z**2 - 6*z - 6. Let g be v(l). What is the highest common factor of g and c?
1
Let w be -576*(4 - 13/3). Calculate the greatest common factor of w and 128.
64
Let h be 6*1*(-6 + 8). Let k(x) = x**2 - 11*x + 13. Let r be k(10). Suppose -y - y = 4*d - h, d - r = -y. What is the greatest common divisor of 3 and d?
3
Let m = 648 - 930. Let n = -194 - m. What is the greatest common factor of n and 8?
8
Let t(j) = -j**2 - 14*j - 1. Let z(n) = -3*n**2 - 29*n - 2. Let r(c) = 5*t(c) - 2*z(c). Let y be r(16). What is the highest common divisor of 7 and y?
7
Suppose -2*l + 5*n = -3 - 29, -4*l + 3*n = -36. Let i be ((-20)/l)/(10/(-105)). What is the highest common factor of i and 140?
35
Let i = 20 - 15. Let v(h) = h + 4 - 11 + 23. Let w be v(-11). Calculate the highest common divisor of i and w.
5
Let k = 1100 + -989. What is the highest common factor of 6 and k?
3
Let l be 99*(-1 + (-10)/(-6)). Let g = 2080 + -2047. Calculate the greatest common factor of l and g.
33
Let m = 101 + 25. Suppose m = v + 2*v. Calculate the highest common divisor of 12 and v.
6
Suppose -3*w = -5*s + 938, -3*s + 4*w + 309 = -256. Let t be (-1)/((-34)/85*(-10)/(-68)). What is the greatest common divisor of s and t?
17
Let j be (0 - 0 - 2)*(-700)/280. What is the highest common divisor of j and 405?
5
Let k(h) = -h**3 - 5*h**2 + 13*h - 7. Let m be k(-7). Suppose m = -3*s + 5*b + 26, 0*s + b + 6 = s. Calculate the greatest common factor of s and 2.
2
Suppose -4*n - 129 = -n. Let h = 48 + n. What is the greatest common factor of h and 45?
5
Let n(i) = -i**3 - 7*i**2 + 10*i + 7. Let h be n(-9). Let v = -54 + h. Calculate the greatest common divisor of 25 and v.
25
Suppose 2*o = 2*k - 5*k - 7, 20 = -4*k. Let p = -30 - -31. Let d be (-2)/(-1)*(p + (-5 - -8)). What is the greatest common factor of d and o?
4
Let i = -566 - -624. What is the highest common divisor of 3828 and i?
58
Let c(m) = -m**2 - 13*m + 49. Let s be c(-15). What is the highest common factor of 7 and s?
1
Let h = 283 + -178. What is the greatest common factor of h and 60?
15
Suppose 11*w - 17 = -6. Let n be (w + 91)*2/4. Calculate the highest common divisor of 2 and n.
2
Let z(w) = -w**3 + 1. Let i(n) = -n**3 - 4*n**2 - 3*n + 2. Let j(o) = i(o) - 2*z(o). Let h be j(5). What is the highest common factor of h and 10?
10
Let q(p) = -10*p**3 - 2*p**2 - 2*p - 1. Let w be q(-1). Let a(d) = 2*d - 1. Let h be a(5). What is the greatest common divisor of h and w?
9
Let b be (2/(-3))/((-4)/(-6)). Let x(f) = 53*f**2 + f. Let v be x(b). What is the highest common factor of 13 and v?
13
Let q = -21 - -35. Suppose q - 4 = 2*h. Suppose k + 5*s = 19, h*k = k + 5*s + 1. What is the highest common factor of k and 32?
4
Let x be 0 + (3*5 - 1). Suppose -6 = 4*u - 3*g + 141, -5*g + 5 = 0. Let z = -1 - u. What is the highest common divisor of x and z?
7
Let x = -476 - -616. What is the highest common factor of x and 84?
28
Suppose -4*a + 44 = -x, 2*a + 3*a + 3*x = 55. Suppose -226 = 2*k + 3*b, 0 = -k + 2*k + b + 111. Let r = -19 - k. What is the highest common divisor of r and a?
11
Suppose -27*n = -25*n - 110. Suppose 5*l = -p + n, -3*l - 2*l + 15 = 0. Calculate the highest common factor of p and 20.
20
Suppose 0 = z - 2*y - 54, -5*z - y - 46 = -327. Let a = -33 + z. What is the greatest common divisor of 115 and a?
23
Let d be 310/30 + (-4)/3. Suppose 0 = -5*m - 10, 0 = x + 5*m - m + d. Let q be 4 + (-1 - x) + -1. What is the highest common factor of q and 3?
3
Suppose 72 = 5*o - 13. Suppose -4*d + f = -2*f - 4, -2*f + 20 = 3*d. Suppose -d*y = -3*y - 17. Calculate the highest common divisor of y and o.
17
Suppose 53*f = 49*f + 364. What is the highest common factor of 65 and f?
13
Let o = 630 - 556. Calculate the greatest common factor of o and 10.
2
Let c = 53 - 43. Suppose -c*h = 9*h - 494. What is the greatest common divisor of h and 91?
13
Suppose v - 604 = d, 941 = 2*v - d - 271. Calculate the highest common divisor of 64 and v.
32
Suppose -4312 = -0*w - 7*w. What is the greatest common factor of w and 56?
56
Let q(p) = p**2 - 7*p + 28. Let b be q(8). Calculate the greatest common factor of b and 8.
4
Suppose 17*x = -137 + 681. What is the highest common factor of 24 and x?
8
Let v = 15 - 7. Suppose 7*t - v*t + 91 = 0. What is the greatest common factor of t and 13?
13
Suppose -2*s + v = -126, 4*v + 317 = 5*s - 4. Suppose 4*h + 1 = s. What is the greatest common divisor of 15 and h?
15
Let x(v) = v + 21. Let i(b) = 0 - 8*b**2 + 1 + 0*b + 3*b - b. Let a be i(-1). Let w be x(a). Calculate the greatest common divisor of 132 and w.
12
Suppose x - 2*x = -39. Let k = x + -61. Let d be (24/(-3))/(1/k). What is the greatest common divisor of d and 22?
22
Let l(b) = -24*b - 32. Let h be l(-2). Calculate the highest common divisor of 432 and h.
16
Let b(s) = s - 17. Let m be b(7). Let p be (m - -12)*(-22)/(-4). Let z(q) = -61*q - 1. Let l be z(-2). Calculate the highest common divisor of p and l.
11
Let h be 16/(-12)*3 - 16. Let n = h - -54. Calculate the highest common factor of 17 and n.
17
Let o(q) = -138*q - 685. Let c be o(-5). Suppose 2*r + r - 60 = 0. What is the greatest common divisor of r and c?
5
Let y(m) be the second derivative of -m**5/20 + 7*m**4/12 + 2*m**3 - 4*m**2 - 7*m. Let f be y(8). What is the greatest common factor of f and 8?
8
Let d = 16 + -14. Suppose d*h = h + 14. Let t = h - 9. Calculate the greatest common factor of t and 20.
5
Let n = 243 + -227. What is the highest common factor of n and 176?
16
Let x(n) = 43*n - 105. Let k be x(39). Calculate the highest common divisor of k and 12.
12
Let k = 13 + -5. Suppose 16*b - 4 = 28. Suppose 5*h + b*x - 112 = 0, -4*x + 13 = 4*h - 67. What is the greatest common factor of h and k?
8
Let q(j) = j**3 + 6*j**2 - 22. Let f be q(-4). What is the greatest common factor of f and 50?
10
Suppose -98*i + 84*i + 22260 = 0. What is the highest common factor of i and 30?
30
Let u(f) be the third derivative of -7*f**6/120 + f**5/60 - f**3/6 - 18*f**2. Let r be u(-1). Calculate the greatest common divisor of r and 21.
7
Let j = -488 + 745. Let c = 367 - j. What is the greatest common factor of 11 and c?
11
Let h be 2/(-8)*-38 - 51/34. Calculate the highest common divisor of 68 and h.
4
Let y be ((-44)/33)/(6/9)*-4. Calculate the highest common divisor of 692 and y.
4
Let o(h) = 6*h**2 + h - 1. Let s(f) = f**2 - 3*f + 1. Let b be s(3). Let g be o(b). Suppose -7*x + 90 = -2*x. What is the highest common factor of g and x?
6
Let l(u) = 189*u**2 - 82*u + 1. Let r be l(3). Calculate the greatest common factor of 14 and r.
14
Let n be (-561)/(-9) + ((-8)/(-12) - 1). What is the greatest common divisor of n and 2294?
62
Let g(s) = 59*s**3 + 2*s**2 - s. Let m be g(1). Let q = 737 + -653. Let l = q - m. Calculate the highest common factor of 12 and l.
12
Let s be (-39)/4*((-43648)/33)/16. Calculate the greatest common factor of 26 and s.
26
Let f be (-1 - 4)/(17/(-272)). What is the highest common divisor of 180 and f?
20
Let k(w) = w - 2. Let f be k(0). Let z be (32/10)/(f/(-10)). Suppose 42*q + 1040 = 107*q. Calculate the highest common factor of q and z.
16
Suppose -8*o + 40*o = 288. What is the greatest common factor of 12 and o?
3
Suppose 13*q = 8*q + 1870. What is the greatest common factor of 22 and q?
22
Suppose -2*c - 3*k + 0 = -11, -5*c = -3*k + 25. Let b(r) = -13*r - 3. Let s be b(c). Let z = -5 + 28. What is the highest common divisor of s and z?
23
Let x(t) = 3*t. Let o be x(30). Calculate the greatest common divisor of o and 2